at is -4 - -4 - (4 + 0 + -3) - -1?
0
35 + (-17 - -11) + -16
13
Calculate 2 - (-18 - -2) - ((-1 - -6) + 0).
13
Evaluate (11 - (-7 - 1 - -10)) + 12.
21
What is the value of (-1 - (-1 + -12)) + 4 - -8?
24
Evaluate (-20 - 0) + (29 - (-4 + 21)).
-8
Calculate -12 + (1 - 1) - (15 + (0 - 20)).
-7
What is the value of -4 - -18 - (19 - (7 + -23))?
-21
Calculate 675 + -675 + (1 - 0) + -6 + 10.
5
What is (588 - 618) + 4 + 0?
-26
Calculate 4 + (8 - 4) + -3.
5
Calculate (12 - 26 - 3) + 14 + -4.
-7
What is the value of 5 + (-14 - -5) + (-3 - -16) + -32?
-23
Evaluate (9 - 5 - (-4 + 5)) + -3.
0
What is the value of -1 + 10 + -12 + (9 - -8) + 3?
17
-43 + 32 - (1 + -5)
-7
What is the value of 18 - (20 - 7) - (2 + -1 + -2)?
6
(34 - (33 + -17)) + -27
-9
What is 24 + -39 + 22 - (3 + (5 - 3))?
2
-13 - (-15 - (5 + -6 - -11))
12
36 + (-29 - -16) + 3
26
What is (-13 - (-9 - -4)) + 1 - -8?
1
Evaluate -10 + (16 - 10) - (1 + -1 - -3).
-7
What is -14 + (0 - -5) + -11 - (-2 - 5)?
-13
What is the value of -1 - -15 - (100 - 94) - -3?
11
What is the value of 2 - (5 - (10 - -20))?
27
What is (12 + -8 - 13) + 5?
-4
Evaluate 41 + (-76 - 29 - -42).
-22
Evaluate -3 - 6 - (35 + -9 - 41).
6
Calculate (317 - 315) + (-2 + 2 - 11).
-9
Calculate -33 + (-111 + 122 - (5 + 2)).
-29
Evaluate 4 + (7 + (-5 - 4) - 6).
-4
Calculate 10 - (13 + (11 - 13)).
-1
What is the value of (3 - (13 - 20)) + -1 + (-7 - -1)?
3
What is -2 + (3 - 1) + -11 + 10 + 3?
2
What is -9 - 2 - (5 + -23)?
7
Evaluate 12 - 7 - -6 - 7.
4
What is 18 - (5 - -17) - (0 + 11)?
-15
-32 + -5 + -103 + 126
-14
What is the value of 6 + (8 + 0 - (-1 + -3)) - -11?
29
Calculate 2 - ((1 - 1) + -6 - (9 + -11)).
6
Evaluate 4 + -5 + 8 - 13 - -15.
9
What is -5 - (5 + -7 - -4 - 6) - 9?
-10
Evaluate (-6 - (-11 - (1 + -5))) + -7 + 1.
-5
What is the value of -171 + 179 + 14 + -1?
21
Evaluate (9 - 17) + (2 - -14) + -12.
-4
What is the value of -5 + -1 + 25 + (66 - 77)?
8
Calculate 0 + 0 + (-25 - -28 - (-1 + 1)).
3
Evaluate -15 + 7 + 1 + (-27 - -25).
-9
What is the value of 50 + -37 + (3 - 17)?
-1
What is the value of (9 - (-5 - -10)) + -10 + (-4 - 3)?
-13
Evaluate (-1 - -1) + 5 - (3 - -8).
-6
13 + 2 + 8 + -15
8
Evaluate 0 - 13 - (-16 + (-17 - -28)).
-8
What is the value of -33 + -21 + 78 - (-8 - 1)?
33
What is the value of 0 - (-17 + 5 + 4 + 15)?
-7
What is -3 + 2 + 2 + -1 - (-15514 - -15513)?
1
What is (13 + -7 - -17) + -8?
15
1 + 6 + -14 - (-21 + 4)
10
Calculate 4 + -1 + 4 + -19 + 20 + -14.
-6
What is the value of -11 + 0 + 1 - (-65 + 68)?
-13
What is 15 - (0 - 1 - (-4 + -1 - 7))?
4
Evaluate (16 + -36 - -6) + 28.
14
What is the value of 8 + -3 + 8 + 17 + -25 + 12?
17
Calculate -67 + 75 - (-1 - 1) - 7.
3
Calculate -2 + -3 + 5 + -7 + (0 - -8).
1
0 - (-8 + 13 + -18)
13
(14 - 13) + -9 + 4
-4
What is (-4 - 10) + (8 - 3) - -37?
28
Evaluate 45 + -17 + -18 + 7.
17
Calculate -5 + (0 - -1) - (63 + -60 - 22).
15
(-51 - -36) + -3 + 35 + 2
19
(-6 - (7 - -4)) + (-4 + 5 - -3)
-13
What is -12 - ((-2 + -5 - 0) + 1)?
-6
What is the value of 16 + (-17 - -1 - (-612 - -631))?
-19
Calculate (16 - 27 - (6 - -3)) + 12.
-8
4 - (2 + 10 + -16)
8
What is (-1 + (3 - 2) - -2) + (-5 - 9)?
-12
(-14 + -2 - (31 + -37)) + 2 + -7
-15
What is -21 - (10 - 34) - ((0 - -2) + 8)?
-7
What is the value of -24 + -8 + (19 - -3) + -6 + -2?
-18
(2 - 11) + 0 + (2 - -7)
0
18 + (2 - ((8 - (-4 + 5)) + 0))
13
What is the value of -26 - -6 - -24 - 3?
1
What is 0 + -1 - (-168 - -157)?
10
What is -1 + 7 + (1 + -4 - -9)?
12
Evaluate (-5 - -3) + 4 + (11 - 19) + -1.
-7
What is the value of (3 - 0) + 2 - (3 + 20 + -20)?
2
What is -8 - 5 - (-1 - (4 - 9 - 2))?
-19
Evaluate 96 - 105 - (0 - -5 - -1).
-15
What is -22 - (4 + (-13 - (3 + -12)))?
-22
Calculate -3 - (1 + 2 - (-23 - -36 - 3)).
4
What is the value of 20 + -40 + 57 + -22?
15
What is 6 + -8 + -4 + -1?
-7
What is -357 + 358 + (1 + 1 + -1 - -5)?
7
What is the value of -16 + (12 - 10) - -33?
19
-1 + (-4 - (1 + 0)) + 125 + -129
-10
Calculate (-21 - -11) + (2 - -15).
7
Calculate -4 - (-8 + -5 + 13 + -7).
3
Calculate (-3 + -2 - 2) + -4 + (0 - -6).
-5
-8 + 4 + (10 - 4) + 3 + 6
11
Evaluate -1 - 3 - ((7 - 4) + 1 + -6).
-2
Evaluate 12 + 0 + -12 + 3.
3
Calculate 29 + (-20 - 15) - (4 - (-3 - 17)).
-30
What is 5 + 17 + (-3 - -1) + (-11 - -14)?
23
Evaluate 32 + -6 - 40 - -36.
22
Calculate 15 + -38 + (-6 - -9).
-20
What is the value of (24 - 26) + 25 + -19?
4
What is -27 + 0 + 3 + (3 + 1 - -3)?
-17
Calculate (1 - -3) + (137 - 139) + (0 - 3).
-1
What is -25 - ((-48 - -13) + 7)?
3
What is -1 - -2 - (-68 + 71) - (-1 - 12)?
11
What is -11 + -17 - -17 - -15?
4
What is the value of 22 + -19 - (-3 + 5 + -2)?
3
Calculate 27 - (-10 - (5 - (24 - 0))).
18
Evaluate -4 - (-5 + 0 + 3).
-2
Evaluate -10 - (-29 + (2 + -3 - -5)).
15
What is the value of 11 + -5 + -7 + 4 - 7?
-4
Calculate -25 + (-7 + -6 - -11).
-27
(4 - (38 - (0 - -9 - 0))) + 9
-16
What is the value of -13 + (16 + -33 - -16)?
-14
What is the value of 57 + -26 + -11 + (6 - (11 - 7))?
22
What is the value of 1 + 13 + 1 - (-22 + (18 - 2))?
21
What is the value of 23 + (-5 - (69 + -30))?
-21
Evaluate -1 + 1 + -6 + -12 + 5 - -2.
-11
Evaluate 397 + -402 + 20 + (-3 - -1).
13
-129 + 133 - (7 - 2)
-1
Calculate -17 + (1 - -2) + 17.
3
Evaluate -1 + 19 + (2 + 2 - (15 - 5)).
12
0 - (5 + 4 + -3 + 3 + -11)
2
7 + -3 + (4 - 3) + 10
15
Evaluate -18 + -1 - (1 + (-10 - (-15 + 10))).
-15
What is the value of (-66 - -68) + 2 + 2 - 23?
-17
2 + 5 - 10 - (4 + 0)
-7
Evaluate -7 + (5 - (12 + -7)) + 0.
-7
Calculate (-8 - 5) + -41 + 36.
-18
What is -24 + 0 + (-21 - -41)?
-4
Calculate 15 + -8 + -11 + -1.
-5
Evaluate (-1 - -2 - (-11 + 9 - -3)) + -7.
-7
What is the value of -3 + 9 + -4 - (-3 - 1)?
6
Calculate 2 - 12 - ((-29 - (-22 + 10)) + 22).
-15
Evaluate -2 + -1 + -1 - (-4 - (-11 - -5)).
-6
What is -1 + (5 - (6 - (6 + -9))) + 2?
-3
What is the value of (8 - 1) + (250 - 266)?
-9
What is the value of (0 - -1) + -5 + 3 - -2 - 13?
-12
Evaluate 1 + -11 + 1 - (-7794 - -7801).
-16
What is the value of -27 + 27 + -5 + -7?
-12
What is 26 + -34 + (0 - 8 - (1 - 0))?
-17
What is the value of (-11 - -12) + -23 + 24?
2
Evaluate 1 - (3 - (28 - 39)).
-13
What is the value of (-5 - -6) + -15 - (-11 - -14)?
-17
What is -15 + (-2 - 0) + -9 + -48 + 52?
-22
What is the value of 9 + 1 + (-12 - (5 + -14 + 6))?
1
What is -9 + 10 + -3 + -18 + 35?
15
Calculate (-7 - -6 - 9) + 8 + 8 - -16.
22
What is -4 + ((-15 - -1) + (-5 - -2) - -8)?
-13
5 + -11 + 27 + -14 + -3 + 0
4
What is (-1 + 4 + -14 - -5) + -4 + 0?
-10
What is the value of -1 + 10 + 296 + -310?
-5
Evaluate 7 + (10 - (11 + 3 + -7)).
10
What is the value of -3 + -5 + 27 - 15?
4
Evaluate -5 + (13 - (1 + -3)) - (6 - 15).
19
Evaluate 47 + (4 - 34) + -30.
-13
What is the value of -19 + 2 + (270 - 235)?
18
Evaluate (1 + 2 - -8) + -21 + -3.
-13
What is 22 + -1 - (-373 - -378) - 12?
4
What is the value of -3 + 7 - (-28 + 47)?
-15
Calculate 1 - (-4 - (19 + 1)).
25
Calculate 3 - (28 + -14 + -9).
-2
What is 16 + (1 + 9 - (17 - -2)) + 14?
21
29 + 16 - -1 - (11 + 3)
32
6 - (-5 - (-29 - ((2 - 4) + -4)))
-12
Calculate -1 - (2 + (-4 - (-1 - 3) - 2)).
-1
Calculate -5 + -4 + -6 + -2 + 2.
-15
Calculate (-10 - (27 + -14 + -13)) + -15.
-25
What is the value of 6 - 5 - (-15 - (4 + -8))?
12
30 + -34 - (-5 + (1 - (1 + -3)))
-2
What is the value of (-22 - -63 - 7 - (-2 + 0)) + 1?
37
What is 17 - (-32 - -8 - -26)?
15
What is the value of 1 + (18 - 16 - 11)?
-8
Evaluate (1 - -10) + -5 - (1 - 0).
5
What is the value of (-8 + 15 - 16) + (0 - 7) + 0?
-16
What is the value of (-2 - 18 - (-8 - -1) - -5) + 0?
-8
Evaluate -29 + (37 + -56 - -58).
10
What is the value of 10 + -2 - (9 + 1)?
-2
Evaluate (1 - -3) + (86 - 84) + -24.
-18
Evaluate (-6 - -1) + 5 + (-8 - -10).
2
What is 0 - 5 - (15 - (20 - -16))?
16
Calculate -8 + -19 + 19 + (2 - -23) + 0.
17
What is (50 - 39) + (7 - (0 + 1))?
17
2 - (5 + 1 - (-2 - (1 + -4)))
-3
What is the value of -1 + (-14 - 0) + (-4 + 13 - 7)?
-13
What is the value of -29 + 15 - (11 + -2 + -3 - 13)?
-7
Calculate (3885 - 3915) + (7 - 0) + (-1 - -2).
-22
What is (3 - 1) + 1 - (-9 + 4)?
8
What is the value of (20 + -1 - (-565 - -576)) + -26?
-18
What is -16 - (-7 + -13 + 10)?
-6
6 + -27 + -10 + 16
-15
What is the value of 0 + (-13 - -4) + 11 - -16?
18
What is the value of -252 + 249 - ((0 + 0 - -14) + 0)?
-17
Calculat